
Suppose 15*x = 52 + 8. Suppose w - x = -w. Suppose -w*z + 77 + 437 = -3*a, 5*a = 3*z - 772. What is the units digit of z?
4
Suppose 2*c + 2*g - 2 = 0, 8*c - 3*g = 10*c. Suppose 2 = 4*u - 6. Suppose 0*a = -4*a + c*n + 31, 5*a - u*n - 30 = 0. What is the units digit of a?
4
Suppose 0 = 3*j - 53 + 17. Let h be 696/7 + j/21. Suppose 0 = 7*p - 2*p - h. What is the tens digit of p?
2
Suppose 3039 = 3*x - a, -5*x = 5*a - 2334 - 2771. What is the units digit of x?
5
Let x(d) be the first derivative of 35*d**2/2 - 13*d + 4. Let w be x(3). Suppose -5*j + 5*i = -162 - 298, -j = i - w. What is the tens digit of j?
9
Let g be (6006/9 - -1) + 2/(-6). Suppose 0 = -4*b - 5*k + 967, -3*b - 2*k + 66 = -g. What is the units digit of b?
8
Let g = 28 + -55. Let n = g + 29. Suppose -278 = -3*a + 2*z, n*z = 6*a - a - 466. What is the tens digit of a?
9
Let f = 733 + -769. Let o(l) = -l**2 - 53*l - 62. What is the units digit of o(f)?
0
Let r = -498 + -1061. Let q = -806 - r. What is the tens digit of q?
5
Let u(m) = -95*m - 24. Let k be u(2). Let z = 53 - k. What is the tens digit of z?
6
Suppose -10963 = -26*d + 74525. What is the hundreds digit of d?
2
Let y(c) = 138*c - 68. Let u be y(-3). Let b = u + 661. What is the tens digit of b?
7
Suppose 3*l = 2*x - 3*x - 13, 4*x = l. Let k be 20/(l + 9) - 0. Suppose -k*f = 3*g - 4*g - 35, -5*f + g + 45 = 0. What is the units digit of f?
0
Let l = -3766 - -13625. What is the units digit of l?
9
Let y = -861 - -2195. Suppose -y = -21*l + 5449. What is the hundreds digit of l?
3
Let k(p) be the second derivative of p**4/3 + 7*p**3/3 + 29*p**2/2 + 30*p. What is the tens digit of k(-10)?
8
Suppose -1 = -65*v + 66*v. Let s = 2 - v. What is the tens digit of (2 - 18/8)/(s/(-876))?
7
Suppose 0 = 174*n - 236*n + 736622. What is the thousands digit of n?
1
Suppose -72 = -u + 5*u. What is the tens digit of (u/63)/(1/(-931))?
6
Let t be 2 - (-5)/(5 - 10) - 92. Let v = t - -290. What is the units digit of v?
9
Let i = 24594 + -12477. What is the thousands digit of i?
2
Let i(c) = 1403*c - 3284. What is the thousands digit of i(4)?
2
Let b(g) = g**2 + 17. Let f be b(0). Suppose 2*m - f = -x, 3*x - 3 - 18 = -m. Suppose -309 = -m*a + 33. What is the tens digit of a?
5
Suppose 243 = -19*s + 10*s. What is the tens digit of ((-78)/6 + 2)*(s + 0)?
9
Suppose 2*c + 118 = -3*b, 2*c + 36 = -b - 2*c. What is the units digit of (-16 + 344)*6/b*-5?
6
Let t(x) = 29 + 17*x + 1 - 18 + 32 + 51. What is the hundreds digit of t(36)?
7
Suppose 1865*f = 1884*f - 817988. What is the ten thousands digit of f?
4
Let r be (8/2 - 0)*30/(-8). Let h(y) = y**3 + 13*y**2 - 35*y + 11. Let f be h(r). Suppose -90*o + 128 = -f*o. What is the units digit of o?
2
Let y = -16758 - -50047. What is the hundreds digit of y?
2
Suppose -13*d + 155649 = -8081 + 12293. What is the hundreds digit of d?
6
Let z(x) be the third derivative of -167*x**6/60 - x**5/20 - x**4/6 - x**3/3 + 3*x**2 - 4*x. What is the hundreds digit of z(-1)?
3
Let u(i) = 4*i**3 - 7*i**2 + 2*i - 5. Let b be u(5). Let g be 8/36 + b/(-27). Let p = g - -40. What is the units digit of p?
8
Let u = -44 - -49. Let d(r) = 2*r**3 - r**2 + 9*r + 9. Let k(l) = -2*l**3 + 2*l**2 - 9*l - 9. Let f(z) = -2*d(z) - 3*k(z). What is the tens digit of f(u)?
0
Suppose 4*a + 44 = 4*c, 2*c + 4*a + 24 - 58 = 0. Suppose 18*t = c*t + 1875. What is the tens digit of t?
7
Let k = 57 - 54. Suppose 0 = 3*f + 2*f - 4*s - 17, k*f + s - 17 = 0. What is the tens digit of ((-10)/(-15) + f)/(1/27)?
5
Let h = 492 - 752. Let t = 5561 + -6026. Let x = h - t. What is the units digit of x?
5
Let f = 38 - 35. Suppose 0 = 2*p + f - 5. What is the tens digit of -2*p*((-141)/2 - 0)?
4
Let j = -94 - -303. Suppose j*m = 205*m + 2488. What is the hundreds digit of m?
6
Let u(c) be the third derivative of c**5/60 + c**4/6 - 29*c**3/6 + 7*c**2 - 1. What is the tens digit of u(-10)?
3
What is the tens digit of (-14)/(-49) - (-4)/((-196)/(-31297))?
3
Let p be -28*((-3)/6)/((-2)/(-4)). Let o = 206 + p. What is the tens digit of o?
3
Let x(v) = 2*v**2 - 6*v + 13. Let u be x(11). Let f(k) = -2*k**2 + 17*k + 16. Let j be f(13). Let n = u + j. What is the units digit of n?
8
Suppose 2*v = -2*x, -46*v + 48*v - 6 = x. Suppose -3*m - m - v*q = -5998, 4501 = 3*m + 2*q. What is the units digit of m?
7
Let n(u) = 32*u - 64 + 117 - 59. Let w be n(3). Suppose -j = -t - w, -3*t + 450 = 5*j + 2*t. What is the tens digit of j?
9
Let t(v) = 5*v - 48. Let j be t(10). What is the tens digit of 14/(-14) + (-1)/(j/(-96))?
4
Let z be (-21 - -2)*4 + 0. Let k = z + 148. Let x = -20 + k. What is the units digit of x?
2
What is the thousands digit of (41282/8)/((-40)/(-480))?
1
What is the tens digit of 65/13 + 6558 + 6/(-3)?
6
Let g = -193 - -187. Let l = 159 - g. What is the hundreds digit of l?
1
Let f(x) = -3*x**3 - 5*x**2 + x - 7. Let v be f(5). Let p = -347 - v. What is the tens digit of p?
5
Let p = -186 + 260. Suppose -5*z = 4*w - 238, -3*w + p = -3*z - 118. What is the units digit of w?
2
Let z(u) = -7*u + 73. Let y be z(7). Suppose 28*s - 288 = y*s. What is the tens digit of s?
7
Let r(v) be the first derivative of -v**2/2 + 7*v + 16. Let g be r(5). Suppose 2*q + g*q - 200 = 0. What is the tens digit of q?
5
Let w = 5 - 0. Suppose -2*t + 0*t - 5*u - 15 = 0, 0 = 3*t + 2*u + 6. Suppose w*g - 296 - 124 = t. What is the units digit of g?
4
Suppose 120908 = -70*y + 544478. What is the hundreds digit of y?
0
Let y(t) = 19*t**3 + 2*t**2 - 112*t - 13. What is the thousands digit of y(11)?
4
Let l(c) = 4*c + 33. Let t be l(-12). What is the tens digit of 68409/55 - (-12)/t?
4
Suppose -11*n = -299 + 90. Let o(y) = -y + 1. Let r(h) = -h**2 + 29*h - 27. Let x(j) = 4*o(j) + r(j). What is the units digit of x(n)?
1
Let h = -5 + 3. Suppose 0 = -4*u + 4*p - 252, -16*u + 19*u = p - 191. What is the tens digit of ((-32)/u)/(h/(-1024))?
5
Let w(r) = -182*r - 114. Let f be w(-9). Let n = 2692 - f. What is the hundreds digit of n?
1
Let u(f) = -3*f + 5*f + 1 + 3 + 2. Let q be u(10). Suppose 3*m = 145 + q. What is the units digit of m?
7
Let n(w) = 3476*w**2 - 13*w - 45 + 7 - 3472*w**2. What is the hundreds digit of n(14)?
5
Let d = 67 + -58. Let i(x) = -5*x**2 - 4*x + 38. Let g(k) = -6*k**2 - 3*k + 38. Let w(n) = 4*g(n) - 5*i(n). What is the units digit of w(d)?
5
What is the ten thousands digit of (-52 + 521)*-113*1/(-1)*1?
5
Let i(s) = -s**3 + 9*s**2 + 2*s - 16. Let x be i(9). Suppose -2 = -4*q + x*y + 24, -4 = 4*y. Suppose -15*d + 18 = -q*d. What is the units digit of d?
2
Let m(s) = 60*s**3 + 2*s**2 + 46*s - 154. What is the units digit of m(3)?
2
Suppose -4*y - 4*t = t - 20859, 0 = 3*y + 5*t - 15638. What is the thousands digit of y?
5
Let v = 1270 + -1284. Let m(i) = 70*i**3 + i + 1. Let t be m(-1). Let g = v - t. What is the tens digit of g?
5
Let s be ((-10)/2 - -2)*10. What is the tens digit of 10*(-12)/s - -266?
7
Let w(v) be the third derivative of -v**5/60 + v**4/3 + 75*v**3 + 3*v**2 + 4*v. What is the tens digit of w(0)?
5
What is the thousands digit of (-4)/(-94) + (-98562375)/(-3525)?
7
Let z = 13 + -9. Suppose 5*w = w + z. What is the units digit of (-3 - 19)/((-2)/(w + 5))?
6
Suppose -14*y + 6*y + 24 = 0. Suppose 2*v - 657 = -2*u + 269, y*u + 5*v - 1395 = 0. What is the hundreds digit of u?
4
Suppose -15*k - 12*k + 3*k + 301704 = 0. What is the hundreds digit of k?
5
Let z(i) = -163*i**3 - 11*i**2 - 24*i - 1. What is the units digit of z(-3)?
3
Let x = -17554 - -25440. What is the hundreds digit of x?
8
Let l(d) = 2*d**2 - 274*d + 2814. What is the tens digit of l(0)?
1
Let y(l) = l**3 + 16*l**2 - 11*l - 9. Suppose -2*w + 33 - 65 = 0. What is the tens digit of y(w)?
6
Let j = 76 + -73. Suppose j*i + n - 132 = 0, 5*i + 2*n + 2*n = 227. Suppose 0 = 2*c - 3*c + 4*k + i, -c + 2*k = -49. What is the tens digit of c?
5
Let p = -76 - -79. Suppose -10*z + 14846 = p*z. What is the thousands digit of z?
1
What is the units digit of 198776/19 - (-4)/38?
2
Let a(c) = -29*c**2 - 16 - 27*c**2 - 2*c - c**3 + 48*c**2. Let t be a(-8). Suppose w + 410 = 4*o + 108, t = -o - w + 78. What is the units digit of o?
6
Let z(b) = 95*b**2 - 69*b - 29. What is the hundreds digit of z(7)?
1
Let p be (0 - -3384)*(-75)/(-50). Suppose -202*y = -208*y + p. What is the units digit of y?
6
Suppose 0 = 77*